 prime factors of 584903686?
2, 292451843
What are the prime factors of 1942395848?
2, 71, 3419711
List the prime factors of 261138857.
7, 1163, 32077
List the prime factors of 359529923.
17, 43, 491833
What are the prime factors of 775309992?
2, 3, 32304583
What are the prime factors of 733884355?
5, 8539, 17189
List the prime factors of 958507865.
5, 7, 23, 170099
What are the prime factors of 3303470812?
2, 10007, 82529
What are the prime factors of 6121966284?
2, 3, 7, 8097839
List the prime factors of 748936392.
2, 3, 31205683
List the prime factors of 2124019827.
3, 29, 631, 1433
What are the prime factors of 78798592?
2, 317, 971
What are the prime factors of 399235770?
2, 3, 5, 419, 3529
List the prime factors of 104610805.
5, 13, 359, 4483
List the prime factors of 5018633.
79, 63527
What are the prime factors of 73576396?
2, 2447, 7517
List the prime factors of 2713799925.
3, 5, 19, 634807
List the prime factors of 123046776.
2, 3, 189887
What are the prime factors of 42057338?
2, 173, 121553
List the prime factors of 7518912379.
11, 683537489
What are the prime factors of 22493453?
22493453
What are the prime factors of 72829713?
3, 11, 173, 12757
What are the prime factors of 109138352?
2, 31, 139, 1583
What are the prime factors of 127496951?
127, 1003913
List the prime factors of 543284953.
543284953
What are the prime factors of 332963257?
11, 5009, 6043
List the prime factors of 1764076748.
2, 7, 63002741
List the prime factors of 577436484.
2, 3, 17, 53, 53407
List the prime factors of 20339799.
3, 1607, 4219
List the prime factors of 70490562.
2, 3, 41, 286547
List the prime factors of 1079891678.
2, 17389, 31051
What are the prime factors of 1338098215?
5, 653, 409831
What are the prime factors of 20457673?
29, 705437
What are the prime factors of 484128970?
2, 5, 13, 3724069
What are the prime factors of 422731981?
7, 601, 100483
List the prime factors of 67695988.
2, 1801, 9397
List the prime factors of 1440977506.
2, 37, 313, 62213
What are the prime factors of 1969701?
3, 43, 15269
List the prime factors of 826262797.
281, 2940437
What are the prime factors of 2053928464?
2, 7, 853, 21499
List the prime factors of 122082206.
2, 23, 467, 5683
List the prime factors of 5455354.
2, 37, 73721
What are the prime factors of 96448857?
3, 32149619
List the prime factors of 135610879.
11393, 11903
List the prime factors of 992983164.
2, 3, 2689, 30773
What are the prime factors of 146189030?
2, 5, 13, 1124531
List the prime factors of 265572825.
3, 5, 7, 193, 2621
List the prime factors of 74396515.
5, 61, 353, 691
What are the prime factors of 1014078327?
3, 338026109
What are the prime factors of 473563563?
3, 11, 3673, 3907
List the prime factors of 119602518.
2, 3, 7, 2847679
List the prime factors of 2159477491.
131, 16484561
List the prime factors of 799242553.
17911, 44623
What are the prime factors of 162030245?
5, 13, 719, 3467
What are the prime factors of 28811500?
2, 5, 29, 1987
What are the prime factors of 166677321?
3, 55559107
What are the prime factors of 2105605116?
2, 3, 58489031
What are the prime factors of 25955489?
7, 3707927
What are the prime factors of 150516528?
2, 3, 157, 19973
List the prime factors of 1135041377.
1135041377
List the prime factors of 4941522280.
2, 5, 19, 29, 139, 1613
What are the prime factors of 12129708?
2, 3, 1010809
What are the prime factors of 159898283?
1231, 129893
What are the prime factors of 898797637?
9239, 97283
List the prime factors of 2716348806.
2, 3, 23, 199, 32971
List the prime factors of 377789668.
2, 383, 246599
What are the prime factors of 2141202856?
2, 13, 1483, 13883
List the prime factors of 8748802.
2, 4374401
List the prime factors of 92878587.
3, 10319843
What are the prime factors of 15944384?
2, 249131
List the prime factors of 49495694.
2, 251, 98597
What are the prime factors of 788813362?
2, 17, 59, 23131
What are the prime factors of 93897964?
2, 23474491
List the prime factors of 630354610.
2, 5, 63035461
List the prime factors of 13723646.
2, 6861823
List the prime factors of 4976297882.
2, 1277, 1948433
What are the prime factors of 563198973?
3, 3623, 51817
List the prime factors of 699970676.
2, 174992669
List the prime factors of 1227179258.
2, 19, 223, 144817
What are the prime factors of 2319347705?
5, 14891, 31151
List the prime factors of 249386451.
3, 59, 1408963
What are the prime factors of 603464039?
137, 4404847
List the prime factors of 1107675407.
14783, 74929
List the prime factors of 63483672.
2, 3, 7, 443, 853
What are the prime factors of 159568759?
7, 29, 786053
What are the prime factors of 2017663641?
3, 7, 1525067
What are the prime factors of 3976598778?
2, 3, 643, 1030741
List the prime factors of 9690016.
2, 7, 181, 239
List the prime factors of 770812589.
17, 45341917
What are the prime factors of 2441565872?
2, 152597867
What are the prime factors of 34296025?
5, 1371841
What are the prime factors of 8756316129?
3, 11, 24122083
What are the prime factors of 292686787?
59, 277, 17909
What are the prime factors of 94897353?
3, 281, 112571
What are the prime factors of 110037585?
3, 5, 7, 149711
What are the prime factors of 90873900?
2, 3, 5, 13, 863
What are the prime factors of 81685423?
43, 1899661
What are the prime factors of 6832850456?
2, 4831, 176797
List the prime factors of 212793380.
2, 5, 10639669
What are the prime factors of 2281260859?
19, 61, 1968301
List the prime factors of 550460218.
2, 7, 11, 61, 761
What are the prime factors of 1269459008?
2, 19, 433, 2411
What are the prime factors of 376003198?
2, 19, 859, 11519
List the prime factors of 143640563.
11, 67, 194899
List the prime factors of 350371167.
3, 23, 37, 137239
What are the prime factors of 1819114460?
2, 5, 90955723
List the prime factors of 320175642.
2, 3, 41, 1301527
List the prime factors of 923239571.
673, 1371827
List the prime factors of 91677024.
2, 3, 318323
What are the prime factors of 71007058?
2, 35503529
What are the prime factors of 106463513?
13, 8189501
List the prime factors of 535943782.
2, 11, 83, 293507
List the prime factors of 1732719170.
2, 5, 7, 13, 1904087
What are the prime factors of 935463278?
2, 47, 9951737
What are the prime factors of 1949789909?
61, 1889, 16921
List the prime factors of 2503056538.
2, 101, 12391369
What are the prime factors of 946877838?
2, 3, 157812973
What are the prime factors of 611055710?
2, 5, 61105571
List the prime factors of 1010121756.
2, 3, 7, 37, 41, 7927
What are the prime factors of 91432568?
2, 163, 70117
What are the prime factors of 157128715?
5, 31425743
What are the prime factors of 198856481?
1097, 181273
List the prime factors of 93851763.
3, 79, 461, 859
What are the prime factors of 3053226795?
3, 5, 83, 109, 149, 151
List the prime factors of 63689901.
3, 11, 149, 12953
List the prime factors of 66154638.
2, 3, 11, 1002343
What are the prime factors of 371272722?
2, 3, 59, 1048793
What are the prime factors of 3778624983?
3, 7, 53, 293, 11587
List the prime factors of 3700939116.
2, 3, 7, 199, 221401
What are the prime factors of 1001953011?
3, 19, 89, 197507
What are the prime factors of 5316465?
3, 5, 7, 11, 4603
What are the prime factors of 2674563933?
3, 891521311
List the prime factors of 99994766.
2, 937, 53359
What are the prime factors of 26065183?
743, 35081
What are the prime factors of 127680427?
7, 257, 10139
What are the prime factors of 462680597?
37, 12504881
What are the prime factors of 984372561?
3, 23, 227, 6983
What are the prime factors of 271728186?
2, 3, 45288031
List the prime factors of 200398408.
2, 7, 3578543
List the prime factors of 1455060683.
997, 1459439
What are the prime factors of 66855333?
3, 22285111
List the prime factors of 208921211.
17, 257, 47819
List the prime factors of 1160586612.
2, 3, 29, 1111673
What are the prime factors of 50512365?
3, 5, 317, 3541
What are the prime factors of 407574072?
2, 3, 1886917
List the prime factors of 27106106.
2, 13553053
List the prime factors of 54736520.
2, 5, 61, 22433
What are the prime factors of 99476097?
3, 7, 4736957
List the prime factors of 48269529.
3, 7, 11, 69653
What are the prime factors of 2651166837?
3, 11, 26779463
What are the prime factors of 20805183?
3, 7, 330